{"id":694,"date":"2020-12-22T20:09:29","date_gmt":"2020-12-22T20:09:29","guid":{"rendered":"http:\/\/pointmedia.al\/krctdokumentimi\/dokumentimi-copy-copy-copy-copy-copy-copy\/"},"modified":"2024-12-09T23:37:31","modified_gmt":"2024-12-09T23:37:31","slug":"pjesa-h","status":"publish","type":"page","link":"https:\/\/krct.org\/dokumentimi\/pjesa-h\/","title":{"rendered":"Pjesa H"},"content":{"rendered":"<p>[vc_row css=&#8221;.vc_custom_1610665871368{padding-top: 60px !important;padding-bottom: 30px !important;background-color: #ededed !important;}&#8221;][vc_column el_class=&#8221;Gjinia e viktimave t\u00eb dhun\u00ebs seksuale&#8221;][vc_column_text]<\/p>\n<h2 style=\"text-align: center;\"><b>Reparacioni administrativ<\/b><\/h2>\n<h2 style=\"text-align: center;\"><strong>(Pjesa H)<\/strong><\/h2>\n<p>[\/vc_column_text][vc_separator color=&#8221;custom&#8221; border_width=&#8221;3&#8243; accent_color=&#8221;#f58434&#8243;][\/vc_column][\/vc_row][vc_row css=&#8221;.vc_custom_1610670025794{margin-top: 60px !important;padding-top: 60px !important;padding-bottom: 0px !important;}&#8221;][vc_column][vc_tta_tabs active_section=&#8221;1&#8243;][vc_tta_section title=&#8221;A keni aplikuar p\u00ebr njohjen e statusit &#8220;viktim\u00eb e dhun\u00ebs seksuale gjat\u00eb luft\u00ebs&#8220;?&#8221; tab_id=&#8221;1608643805182-b0053e87-46c5&#8243;][vc_column_text]<\/p>\n<table dir=\"ltr\" border=\"1\" cellspacing=\"0\" cellpadding=\"0\">\n<colgroup>\n<col width=\"330\" \/>\n<col width=\"85\" \/><\/colgroup>\n<tbody>\n<tr>\n<td data-sheets-value=\"{&quot;1&quot;:2,&quot;2&quot;:&quot;Po&quot;}\">Po<\/td>\n<td data-sheets-value=\"{&quot;1&quot;:3,&quot;3&quot;:283}\"><span style=\"font-weight: 400;\">1198<\/span><\/td>\n<\/tr>\n<tr>\n<td data-sheets-value=\"{&quot;1&quot;:2,&quot;2&quot;:&quot;Jo&quot;}\">Jo<\/td>\n<td data-sheets-value=\"{&quot;1&quot;:3,&quot;3&quot;:53}\"><span style=\"font-weight: 400;\">102<\/span><\/td>\n<\/tr>\n<tr>\n<td data-sheets-value=\"{&quot;1&quot;:2,&quot;2&quot;:&quot;Tjet\u00ebr&quot;}\">Tjet\u00ebr<\/td>\n<td data-sheets-value=\"{&quot;1&quot;:2,&quot;2&quot;:&quot;-&quot;}\">1<\/td>\n<\/tr>\n<\/tbody>\n<\/table>\n<p>[\/vc_column_text][\/vc_tta_section][vc_tta_section title=&#8221;N\u00ebse po:&#8221; tab_id=&#8221;1608643805388-525a8f28-843f&#8221;][vc_column_text]<\/p>\n<table dir=\"ltr\" border=\"1\" cellspacing=\"0\" cellpadding=\"0\">\n<colgroup>\n<col width=\"330\" \/>\n<col width=\"85\" \/><\/colgroup>\n<tbody>\n<tr>\n<td data-sheets-value=\"{&quot;1&quot;:2,&quot;2&quot;:&quot;N\u00eb pritje t\u00eb p\u00ebrgjigjes&quot;}\"><span style=\"font-weight: 400;\">N\u00eb pritje t\u00eb p\u00ebrgjigjes<\/span><\/td>\n<td data-sheets-value=\"{&quot;1&quot;:3,&quot;3&quot;:60}\"><span style=\"font-weight: 400;\">57<\/span><\/td>\n<\/tr>\n<tr>\n<td data-sheets-value=\"{&quot;1&quot;:2,&quot;2&quot;:&quot;\u00cbsht\u00eb njohur statusi&quot;}\"><span style=\"font-weight: 400;\">\u00cbsht\u00eb njohur statusi <\/span><\/td>\n<td data-sheets-value=\"{&quot;1&quot;:3,&quot;3&quot;:188}\"><span style=\"font-weight: 400;\">1033<\/span><\/td>\n<\/tr>\n<tr>\n<td data-sheets-value=\"{&quot;1&quot;:2,&quot;2&quot;:&quot;\u00cbsht\u00eb refuzuar statusi&quot;}\"><span style=\"font-weight: 400;\">\u00cbsht\u00eb refuzuar statusi <\/span><\/td>\n<td data-sheets-value=\"{&quot;1&quot;:3,&quot;3&quot;:27}\"><span style=\"font-weight: 400;\">105<\/span><\/td>\n<\/tr>\n<\/tbody>\n<\/table>\n<p>[\/vc_column_text][\/vc_tta_section][vc_tta_section title=&#8221;N\u00ebse jo:&#8221; tab_id=&#8221;1608643805583-b8b1bfca-a219&#8243;][vc_column_text]<\/p>\n<table dir=\"ltr\" border=\"1\" cellspacing=\"0\" cellpadding=\"0\">\n<colgroup>\n<col width=\"330\" \/>\n<col width=\"85\" \/><\/colgroup>\n<tbody>\n<tr>\n<td data-sheets-value=\"{&quot;1&quot;:2,&quot;2&quot;:&quot;Nuk \u00ebsht\u00eb n\u00eb dijeni p\u00ebr procesin&quot;}\"><span style=\"font-weight: 400;\">Nuk \u00ebsht\u00eb n\u00eb dijeni p\u00ebr procesin<\/span><\/td>\n<td data-sheets-value=\"{&quot;1&quot;:2,&quot;2&quot;:&quot;-&quot;}\">1<\/td>\n<\/tr>\n<tr>\n<td data-sheets-value=\"{&quot;1&quot;:2,&quot;2&quot;:&quot;Frik\u00eb mos po zbulohet identiteti&quot;}\"><span style=\"font-weight: 400;\">Frik\u00eb mos po zbulohet identiteti<\/span><\/td>\n<td data-sheets-value=\"{&quot;1&quot;:3,&quot;3&quot;:2}\">34<\/td>\n<\/tr>\n<tr>\n<td data-sheets-value=\"{&quot;1&quot;:2,&quot;2&quot;:&quot;Munges\u00eb e asistenc\u00ebs&quot;}\"><span style=\"font-weight: 400;\">Munges\u00eb e asistenc\u00ebs<\/span><\/td>\n<td data-sheets-value=\"{&quot;1&quot;:2,&quot;2&quot;:&quot;-&quot;}\">1<\/td>\n<\/tr>\n<tr>\n<td data-sheets-value=\"{&quot;1&quot;:2,&quot;2&quot;:&quot;Munges\u00eb e kapaciteteve fizike dhe mendore&quot;}\"><span style=\"font-weight: 400;\">Munges\u00eb e kapaciteteve fizike dhe mendor<\/span><\/td>\n<td data-sheets-value=\"{&quot;1&quot;:2,&quot;2&quot;:&quot;-&quot;}\">&#8211;<\/td>\n<\/tr>\n<tr>\n<td data-sheets-value=\"{&quot;1&quot;:2,&quot;2&quot;:&quot;Tjera&quot;}\">Tjera<\/td>\n<td data-sheets-value=\"{&quot;1&quot;:3,&quot;3&quot;:53}\">66<\/td>\n<\/tr>\n<\/tbody>\n<\/table>\n<p>[\/vc_column_text][\/vc_tta_section][\/vc_tta_tabs][\/vc_column][\/vc_row][vc_row][vc_column width=&#8221;1\/2&#8243;][vc_column_text]<\/p>\n<table dir=\"ltr\" border=\"1\" cellspacing=\"0\" cellpadding=\"0\">\n<colgroup>\n<col width=\"330\" \/>\n<col width=\"85\" \/><\/colgroup>\n<tbody>\n<tr>\n<td colspan=\"2\" rowspan=\"1\" data-sheets-value=\"{&quot;1&quot;:2,&quot;2&quot;:&quot;N\u00ebse \u00ebsht\u00eb njohur statusi, sa ka zgjatur procedura nga momenti i aplikimit deri n\u00eb marrjen e Vendimit?&quot;}\"><strong>N\u00ebse \u00ebsht\u00eb njohur statusi, sa ka zgjatur procedura nga momenti i aplikimit deri n\u00eb marrjen e Vendimit?<\/strong><\/td>\n<\/tr>\n<tr>\n<td data-sheets-value=\"{&quot;1&quot;:2,&quot;2&quot;:&quot;1 - 3 muaj&quot;}\">1 &#8211; 3 <span style=\"font-weight: 400;\">muaj<\/span><\/td>\n<td data-sheets-value=\"{&quot;1&quot;:3,&quot;3&quot;:23}\"><span style=\"font-weight: 400;\">49<\/span><\/td>\n<\/tr>\n<tr>\n<td data-sheets-value=\"{&quot;1&quot;:2,&quot;2&quot;:&quot;3 - 6 muaj&quot;}\">3 &#8211; 6 <span style=\"font-weight: 400;\">muaj<\/span><\/td>\n<td data-sheets-value=\"{&quot;1&quot;:3,&quot;3&quot;:28}\"><span style=\"font-weight: 400;\">79<\/span><\/td>\n<\/tr>\n<tr>\n<td data-sheets-value=\"{&quot;1&quot;:2,&quot;2&quot;:&quot;6 - 9 muaj&quot;}\">6 &#8211; 9 <span style=\"font-weight: 400;\">muaj<\/span><\/td>\n<td data-sheets-value=\"{&quot;1&quot;:3,&quot;3&quot;:19}\"><span style=\"font-weight: 400;\">144<\/span><\/td>\n<\/tr>\n<tr>\n<td data-sheets-value=\"{&quot;1&quot;:2,&quot;2&quot;:&quot;9 - 12 muaj&quot;}\">9 &#8211; 12 <span style=\"font-weight: 400;\">muaj<\/span><\/td>\n<td data-sheets-value=\"{&quot;1&quot;:3,&quot;3&quot;:48}\"><span style=\"font-weight: 400;\">328<\/span><\/td>\n<\/tr>\n<tr>\n<td data-sheets-value=\"{&quot;1&quot;:2,&quot;2&quot;:&quot;M\u00eb shum\u00eb se nj\u00eb vit&quot;}\"><span style=\"font-weight: 400;\">M\u00eb shum\u00eb se nj\u00eb vit<\/span><\/td>\n<td data-sheets-value=\"{&quot;1&quot;:3,&quot;3&quot;:69}\"><span style=\"font-weight: 400;\">430<\/span><\/td>\n<\/tr>\n<\/tbody>\n<\/table>\n<p>[\/vc_column_text][\/vc_column][vc_column width=&#8221;1\/2&#8243;][vc_column_text]<\/p>\n<table dir=\"ltr\" border=\"1\" cellspacing=\"0\" cellpadding=\"0\">\n<colgroup>\n<col width=\"330\" \/>\n<col width=\"85\" \/><\/colgroup>\n<tbody>\n<tr>\n<td colspan=\"2\" rowspan=\"1\" data-sheets-value=\"{&quot;1&quot;:2,&quot;2&quot;:&quot;N\u00ebse \u00ebsht\u00eb njohur statusi, cilat t\u00eb drejta dhe benificioni i g\u00ebzoni?\\r\\n&quot;}\"><strong>N\u00ebse \u00ebsht\u00eb njohur statusi, cilat t\u00eb drejta dhe benificioni i g\u00ebzoni?<\/strong><\/td>\n<\/tr>\n<tr>\n<td data-sheets-value=\"{&quot;1&quot;:2,&quot;2&quot;:&quot;Vet\u00ebm Pensionin personal&quot;}\"><span style=\"font-weight: 400;\">Vet\u00ebm Pensionin personal<\/span><\/td>\n<td data-sheets-value=\"{&quot;1&quot;:3,&quot;3&quot;:183}\"><span style=\"font-weight: 400;\">1005<\/span><\/td>\n<\/tr>\n<tr>\n<td data-sheets-value=\"{&quot;1&quot;:2,&quot;2&quot;:&quot;Vet\u00ebm benificionet&quot;}\"><span style=\"font-weight: 400;\">Vet\u00ebm benificionet<\/span><\/td>\n<td data-sheets-value=\"{&quot;1&quot;:2,&quot;2&quot;:&quot;-&quot;}\">4<\/td>\n<\/tr>\n<tr>\n<td data-sheets-value=\"{&quot;1&quot;:2,&quot;2&quot;:&quot;Pensionin dhe benificionet e tjera&quot;}\"><span style=\"font-weight: 400;\">Pensionin dhe benificionet e tjera<\/span><\/td>\n<td data-sheets-value=\"{&quot;1&quot;:3,&quot;3&quot;:3}\">7<\/td>\n<\/tr>\n<tr>\n<td data-sheets-value=\"{&quot;1&quot;:2,&quot;2&quot;:&quot;Nuk realizon as pensionin as benificionet&quot;}\"><span style=\"font-weight: 400;\">Nuk realizon as pensionin as benificionet<\/span><\/td>\n<td data-sheets-value=\"{&quot;1&quot;:3,&quot;3&quot;:1}\">3<\/td>\n<\/tr>\n<tr>\n<td data-sheets-value=\"{&quot;1&quot;:2,&quot;2&quot;:&quot;Tjet\u00ebr&quot;}\"><span style=\"font-weight: 400;\">Tjet\u00ebr<\/span><\/td>\n<td data-sheets-value=\"{&quot;1&quot;:2,&quot;2&quot;:&quot;-&quot;}\">&#8211;<\/td>\n<\/tr>\n<\/tbody>\n<\/table>\n<p>[\/vc_column_text][\/vc_column][\/vc_row][vc_row css=&#8221;.vc_custom_1610670065163{margin-top: 30px !important;margin-bottom: 60px !important;padding-top: 30px !important;padding-bottom: 30px !important;background-color: #ededed !important;}&#8221;][vc_column width=&#8221;1\/6&#8243;][\/vc_column][vc_column width=&#8221;2\/3&#8243;][vc_column_text]<\/p>\n<table dir=\"ltr\" border=\"1\" cellspacing=\"0\" cellpadding=\"0\">\n<colgroup>\n<col width=\"330\" \/>\n<col width=\"85\" \/><\/colgroup>\n<tbody>\n<tr>\n<td colspan=\"2\" rowspan=\"1\" data-sheets-value=\"{&quot;1&quot;:2,&quot;2&quot;:&quot;N\u00ebse \u00ebsht\u00eb refuzuar statusi: &quot;}\"><strong>N\u00ebse \u00ebsht\u00eb refuzuar statusi:<\/strong><\/td>\n<\/tr>\n<tr>\n<td data-sheets-value=\"{&quot;1&quot;:2,&quot;2&quot;:&quot;\u00cbsht\u00eb n\u00eb pritje t\u00eb rishqyrtimit&quot;}\"><span style=\"font-weight: 400;\">\u00cbsht\u00eb n\u00eb pritje t\u00eb rishqyrtimit<\/span><\/td>\n<td data-sheets-value=\"{&quot;1&quot;:3,&quot;3&quot;:15}\">11<\/td>\n<\/tr>\n<tr>\n<td data-sheets-value=\"{&quot;1&quot;:2,&quot;2&quot;:&quot;\u00cbsht\u00eb b\u00ebr\u00eb padi n\u00eb gjykat\u00eb&quot;}\"><span style=\"font-weight: 400;\">\u00cbsht\u00eb b\u00ebr\u00eb padi n\u00eb gjykat\u00eb<\/span><\/td>\n<td data-sheets-value=\"{&quot;1&quot;:3,&quot;3&quot;:3}\"><span style=\"font-weight: 400;\">45<\/span><\/td>\n<\/tr>\n<tr>\n<td data-sheets-value=\"{&quot;1&quot;:2,&quot;2&quot;:&quot;Ka hequr dor\u00eb&quot;}\"><span style=\"font-weight: 400;\">Ka hequr dor\u00eb<\/span><\/td>\n<td data-sheets-value=\"{&quot;1&quot;:3,&quot;3&quot;:5}\">41<\/td>\n<\/tr>\n<tr>\n<td data-sheets-value=\"{&quot;1&quot;:2,&quot;2&quot;:&quot;Tjet\u00ebr&quot;}\"><span style=\"font-weight: 400;\">Tjet\u00ebr<\/span><\/td>\n<td data-sheets-value=\"{&quot;1&quot;:3,&quot;3&quot;:2}\">7<\/td>\n<\/tr>\n<\/tbody>\n<\/table>\n<p>[\/vc_column_text][\/vc_column][vc_column width=&#8221;1\/6&#8243;][\/vc_column][\/vc_row]<\/p>\n","protected":false},"excerpt":{"rendered":"<p>[vc_row css=&#8221;.vc_custom_1610665871368{padding-top: 60px !important;padding-bottom: 30px !important;background-color: #ededed !important;}&#8221;][vc_column el_class=&#8221;Gjinia e viktimave t\u00eb dhun\u00ebs seksuale&#8221;][vc_column_text] Reparacioni administrativ (Pjesa H) [\/vc_column_text][vc_separator color=&#8221;custom&#8221; border_width=&#8221;3&#8243; accent_color=&#8221;#f58434&#8243;][\/vc_column][\/vc_row][vc_row css=&#8221;.vc_custom_1610670025794{margin-top: 60px !important;padding-top: 60px !important;padding-bottom: 0px !important;}&#8221;][vc_column][vc_tta_tabs active_section=&#8221;1&#8243;][vc_tta_section title=&#8221;A keni aplikuar p\u00ebr njohjen e statusit &#8220;viktim\u00eb e dhun\u00ebs seksuale gjat\u00eb luft\u00ebs&#8220;?&#8221; tab_id=&#8221;1608643805182-b0053e87-46c5&#8243;][vc_column_text] Po 1198 Jo 102 Tjet\u00ebr 1 [\/vc_column_text][\/vc_tta_section][vc_tta_section title=&#8221;N\u00ebse po:&#8221; tab_id=&#8221;1608643805388-525a8f28-843f&#8221;][vc_column_text] N\u00eb [&hellip;]<\/p>\n","protected":false},"author":1,"featured_media":0,"parent":0,"menu_order":2,"comment_status":"closed","ping_status":"closed","template":"tpl-visual_composer.php","meta":[],"_links":{"self":[{"href":"https:\/\/krct.org\/dokumentimi\/wp-json\/wp\/v2\/pages\/694"}],"collection":[{"href":"https:\/\/krct.org\/dokumentimi\/wp-json\/wp\/v2\/pages"}],"about":[{"href":"https:\/\/krct.org\/dokumentimi\/wp-json\/wp\/v2\/types\/page"}],"author":[{"embeddable":true,"href":"https:\/\/krct.org\/dokumentimi\/wp-json\/wp\/v2\/users\/1"}],"replies":[{"embeddable":true,"href":"https:\/\/krct.org\/dokumentimi\/wp-json\/wp\/v2\/comments?post=694"}],"version-history":[{"count":20,"href":"https:\/\/krct.org\/dokumentimi\/wp-json\/wp\/v2\/pages\/694\/revisions"}],"predecessor-version":[{"id":1254,"href":"https:\/\/krct.org\/dokumentimi\/wp-json\/wp\/v2\/pages\/694\/revisions\/1254"}],"wp:attachment":[{"href":"https:\/\/krct.org\/dokumentimi\/wp-json\/wp\/v2\/media?parent=694"}],"curies":[{"name":"wp","href":"https:\/\/api.w.org\/{rel}","templated":true}]}}